uppose -5*u + a = 6*u. Is u a composite number?
False
Let u(l) = -11 - 9*l**2 - 6*l**2 + 10*l - 6*l**2 + 16. Let f be u(-5). Let b = f + 907. Is b a composite number?
False
Let x(v) be the third derivative of -v**6/120 - v**5/6 + 7*v**4/12 - 7*v**3/6 - 8*v**2. Let k = 83 - 95. Is x(k) a prime number?
True
Suppose -5*l = t - 177292, 210*l = 205*l + 35. Is t prime?
True
Let f(c) = -c**3 + 8*c**2 - 11*c - 16. Let l be f(5). Suppose 0 = -l*m - 12, 23907 = 5*n - m + 799. Is n a prime number?
True
Let o be ((5 + 1603)/(-2))/((-1)/1). Let w be (-4)/18 - o/27. Is 1 + 3 + w/(-1) a prime number?
False
Let f = 6904 - -30135. Is f a prime number?
True
Suppose -11*z = -4*s - 16*z + 823721, 5*s + 3*z = 1029674. Is s prime?
False
Let g = 1 + -5. Let y(c) be the first derivative of 35*c**3/3 - 3*c + 5221. Is y(g) prime?
True
Let c(b) = 56*b + 27. Suppose -6 = 2*u - 10. Suppose u*l - 11 = -x - 0*x, 4*x - 36 = -4*l. Is c(x) a prime number?
True
Let l be 1905*(-1 + 4 + -2). Suppose b - 4*b = -l. Is b composite?
True
Suppose -39 = -8*a - 7. Suppose a*d + 5 = 1. Is 482/(d + 3) + -4 a prime number?
False
Let a(v) = -33567*v + 832. Is a(-49) prime?
False
Let u be (0 - -17)/(2/564). Suppose u = 3*m + 3*m. Suppose 3*c = 5*i + 2376, -m = -c + 5*i - i. Is c a prime number?
True
Suppose -16*g = -17*g - 85. Let o be 84*(-3 - g/(-10)). Let r = -668 - o. Is r a composite number?
True
Suppose 5*a + 10 = -0*a, -464530 = -4*m + 3*a. Is m prime?
True
Let a = -38590 + 115139. Suppose a = -341*d + 352*d. Is d a prime number?
True
Suppose s - 94045 = -3*q, 67*q = s + 69*q - 94041. Is s a composite number?
False
Let s = 124 + -102. Suppose -s*c + 54622 + 16812 = 0. Is c a prime number?
False
Let a = 40799 - -5400. Is a a composite number?
False
Suppose 3*a - 188710 = 3*h - 29650, a + 3*h - 53012 = 0. Suppose 19*t = 5*t + a. Is t composite?
True
Let a = -1034 + 1449. Let z be (-2)/6*a*-69. Suppose z = -7*i + 12*i. Is i a prime number?
False
Let l = -44 + 45. Let v(i) = 263*i - 4. Is v(l) a prime number?
False
Let x(t) = -t + 4. Let d be x(5). Let c be d*(2 - 2)*1. Suppose 0*z + 5280 = 3*b - 3*z, 4*b + 4*z - 7032 = c. Is b a prime number?
True
Let t(w) = -2*w**3 + 5*w**2 + 9*w + 4. Let o be t(7). Let c = 433 + o. Is c a prime number?
True
Is (-28 + 61807)*(-1)/6*-2 prime?
True
Suppose -10088 - 6832 = -5*z. Suppose -40296 - z = -5*v. Suppose 0 = 4*l - m - v, 2*m = -5*l - 290 + 11197. Is l a composite number?
True
Let u = -1359 + 3661. Is (-1)/((1/4)/(u/(-8))) a composite number?
False
Suppose -5*l + 12 = -3, l - 204788 = -5*q. Is q prime?
False
Let f = -117 + 115. Is -7 + 7 + 1478 + f/2 composite?
True
Let f(m) = 17*m**3 - 24*m**2 - 68*m + 49. Is f(22) prime?
True
Let t(o) = -10*o + 53. Let q be t(5). Is -3 + 19794/q - (-5 + 1) a prime number?
True
Is 83844/24*9086/33 - (-18)/(-3) a prime number?
True
Is (-14 - 75)/(2 + (-390)/194) composite?
True
Suppose 2*q - 2*v - 25314 = 0, 5*q + v - 31987 - 31322 = 0. Is q prime?
False
Let q = 39 + -33. Is (1 - 492)*(q - 7) prime?
True
Let z = -304 + 304. Suppose -4*h + 39*h - 182315 = z. Is h a prime number?
True
Let d(p) = p**2 - 6*p + 20. Suppose 2 = -4*u + 6, -2*l + 18 = 2*u. Let n be d(l). Is (1*8)/(-2)*(-783)/n a prime number?
False
Let x be (-48)/(-10) + 164/(-205). Suppose 2*q + 3*o = 9581, -q + o + 4798 = x*o. Is q prime?
True
Let a be -1 - -3 - (-3 - -8). Let b(i) = 323*i**2 - 9*i - 3. Is b(a) a composite number?
True
Let d(f) be the first derivative of 5*f + 5*f**2 + 20 + 17/3*f**3 - 1/4*f**4. Is d(9) composite?
False
Let f(o) = -396*o - 23. Let p(j) = 10*j. Let k(c) = -f(c) + 3*p(c). Let r(s) = -s**2 + 11*s - 12. Let v be r(9). Is k(v) composite?
False
Let m be 198/22 + -1*5. Let v(d) = -d**3 + 7*d**2 - 4*d - 7. Let t be v(m). Suppose -998 = t*p - 27*p. Is p prime?
True
Suppose 87*n - 82*n + 10160 = 0. Let p = 1974 - n. Is p composite?
True
Suppose 0 = 3*c + 2*k - 10, -3*k + 6 = 3*c - 0*k. Suppose 27 = 5*z - s, -z + 5*s - c - 3 = 0. Let n(l) = 5*l**3 - 2*l**2 - l - 9. Is n(z) a prime number?
False
Let b(h) = 12*h - 89. Let y be 14 - (-2 + -2*3/(-6)). Is b(y) a prime number?
False
Is -1335207*(-4)/(-2)*(158/(-12) - -13) a composite number?
False
Suppose -5*k = 5*w - 331480, 5*w - 920*k = -917*k + 331456. Is w prime?
True
Let c = 38213 - -7067. Is c/35 + 16/56 a prime number?
False
Let o(c) = -17*c**3 - 6*c - 13. Let g(m) = 5*m + 1 + 5 + 8*m**3 - 2*m. Let i(b) = 13*g(b) + 6*o(b). Is i(5) prime?
False
Let z be -3*(-36)/20 - (-2)/(-5). Suppose 16 = -6*x + 2*x, z*k = -5*x + 2405. Suppose -3*v = -q - 7*v + k, -3*q = 5*v - 1469. Is q composite?
True
Suppose -1407172 = -56*c + 17038500. Is c a prime number?
True
Suppose 12 = 4*k - 2*u, 4*u - 2*u - 12 = -4*k. Suppose 0 = -4*z + k*v - 1231, 2*z + 4*v + 632 = -0*z. Let l = -168 - z. Is l a composite number?
True
Let y(i) be the third derivative of 35*i**4/3 + 7*i**3/6 - 2*i**2. Suppose -6*c = -k - 11*c - 7, 3*k - 35 = -c. Is y(k) prime?
False
Is -163919*((8/2)/8)/(84/(-24)) a composite number?
False
Let z = 882444 - 62045. Is z a composite number?
False
Suppose -10*b + 2 = -9*b. Suppose -3*c + p = -329, -2*c - 4*p + 460 = b*c. Is c composite?
True
Suppose -o - 3*p - 14 = o, 5*o - 4*p = 11. Let r be o + -1 + (5 - 1). Suppose 4*j - 1263 = j - 3*d, -r*d = 3*j - 1261. Is j composite?
False
Let i = 17 - 19. Let x be i/(-16) - (4 - (-62)/(-16)). Suppose 2*k + 0*u + 3*u - 77 = 0, 4*k + 5*u - 151 = x. Is k a prime number?
False
Let h(m) = -110 - 2*m - 83 + 170. Let r be h(-10). Is -2 + 2 + r - -446 prime?
True
Let w(o) = 1164*o**2 + 17*o + 41. Is w(-14) prime?
True
Suppose 3829*z - 1801982 = 3815*z. Is z prime?
False
Suppose -26 = -5*j + j + 5*k, 5*j = 4*k + 28. Is (j/(-18) - 308875/63)*-1 a composite number?
False
Let l(i) = 102*i + 10. Let u(z) = -103*z - 9. Let r(b) = 4*l(b) + 5*u(b). Let o = 53 + -61. Is r(o) prime?
False
Suppose 1135249 = 102*t - 13783586 - 15524595. Is t prime?
False
Let b = -5366 - -1215. Let x = 5904 + b. Is x prime?
True
Suppose w - 32 = -x - 78, w + 169 = -4*x. Let j(o) = -o**3 - 41*o**2 - 42*o - 16. Is j(x) a prime number?
False
Suppose -5*s + 10 + 10 = 0. Suppose s*z - 4855 = -3*u, 4*z - 5*u = 3225 + 1622. Is z composite?
False
Suppose -644*l + 632*l + 35556 = 0. Is l a composite number?
False
Suppose 2*i + 20*i = 395890. Suppose 0 = 3*p - 4 - 11, i = 5*y - 4*p. Is y a composite number?
True
Let k(f) = -2*f**2 + 5*f - 15. Let y(t) = -3*t**2 + 11*t - 28. Let a(m) = -5*k(m) + 3*y(m). Let l be a(-10). Suppose l*v - 4*v - 6223 = 0. Is v composite?
True
Is (18/(-54)*305346/(-1))/2 a composite number?
False
Suppose -12*m - m + 3028751 = -2*m. Is m a prime number?
False
Let q = -8518 + 12228. Suppose 334*n - 344*n + q = 0. Is n composite?
True
Let c = 1533 + -560. Let p = -680 + c. Is p composite?
False
Is ((-1)/(-4) + (-5)/(-12))/((-16)/(-2237496)) a composite number?
False
Let t(r) = 99*r**3 + 27*r**2 - 20*r - 17. Is t(12) composite?
False
Suppose -98*r - 560825 = -123*r. Is r a composite number?
False
Suppose 3*x - 5*p - 25 = 0, -3*x = 4*p + 20 - 0. Suppose 11*t - 7*t - 6252 = x. Is t composite?
True
Is -1*(-360087)/(-14)*4/(-6) a prime number?
False
Let x = 1582876 - 615485. Is x a prime number?
True
Suppose -6*i - 580192 = -20*i + 584314. Is i a composite number?
True
Suppose 2*b + 2 = 0, 78*d + 4*b - 12787 = 77*d. Is d a composite number?
False
Suppose -17*i - 10*i = -18*i - 1201131. Is i prime?
False
Let f = 77 + -56. Let o(m) = 4*m - 8. Let x be o(f). Suppose -74*b + x*b = 582. Is b composite?
True
Let b be (-1)/(2/3 + 9/27). Is 14 - 19 - (1 - (-1603)/b) prime?
True
Suppose 21*z + 34*z - 165 = 0. Let w(t) be the first derivative of 84*t**2 + 13*t - 1. Is w(z) a composite number?
True
Let p(r) = -1. Let u(j) = -6784*j + 17. Let k(a) = -2*p(a) + u(a). Is k(-1) composite?
False
Let y(l) = 5*l**2 - 168*l - 162. Is y(77) a prime number?
True
Let q(o) = -o**3 - 25*o**2 + 13*o + 60. Is q(-59) composite?
True
Let l(z) = -2*z**2 - 32*z + 48. Let j(w) = w**2 + 31*w - 49. Let c(p) = -4*j(p) - 3*l(p). Let x be -8 - ((-21)/(-14) - 4/(40/305)). Is c(x) a prime number?
False
Let w be -5*1/(-2)*(1 + 1). Let x = w - -14. Suppose -10*n - 4059 = -x*n. Is n a composite number?
True
Let t(y) = 10*y + 16. Suppose 0 = o + 4*n - 17, 2*o - 3*n = -0 + 1. Let s be t(o). Is (1632/22 + (-12)/s)/2 